- 2*j + 135 + 130. List the prime factors of m.
3, 17
Let w(z) be the second derivative of z**5/20 - z**4/2 - 2*z**3/3 - 3*z**2/2 - 20*z. Let f be 27/4 + (-2)/(-8). List the prime factors of w(f).
2, 3
Let t(q) = 3*q - q**3 + 8*q**2 - 2*q**2 + 2*q**3 + 2. What are the prime factors of t(-3)?
2, 5
Let s(c) = c**2 + 6*c. Let a be s(-6). Suppose q - 2 - 9 = a. List the prime factors of 35/11 + (-2)/q.
3
Let f(j) = 4*j**2 - 9*j - 22. List the prime factors of f(-5).
3, 41
Let l be (-4*56/4)/(-1). Suppose 3*i - 2*d - 5 = 0, 13 = i - 0*i + 5*d. Suppose 20 = 5*n + 5*p, p = 5*n - i*p - l. List the prime factors of n.
2
Let m(h) = h**2 + 2*h + 2. Let y be m(-2). Suppose y*j + 2 = 0, -3*u + j - 2 = -3*j. List the prime factors of 9 + -1 + 0 + u.
2, 3
Let x be 9*((-4)/6 + 1). Let k(w) = -5*w**3 + 2*w + 6*w**2 + 2*w**3 - 4 + 4*w**x. What are the prime factors of k(-5)?
11
Let y(z) = z**2 + 4*z + 1. Let s be y(-4). Let g be 3/s - (-1 + 2). Suppose j = g*j - 8. What are the prime factors of j?
2
Let f(r) = 11*r**2 + 4*r + 4. Let d be f(-4). Let z = -106 + d. What are the prime factors of z?
2, 29
Let l(p) = 3*p - 2*p + 9 - 2. Let v be l(-5). Suppose -2*b = 5*r - 13, -v*r - 18 = -0*b - 5*b. List the prime factors of b.
2
Let u(b) = 21*b - 4. What are the prime factors of u(3)?
59
Let m(v) = -v. Let b be m(3). Let q = b + 1. What are the prime factors of q + -1 + 0 - -9?
2, 3
Suppose 0 - 23 = -v. What are the prime factors of v?
23
Suppose -7*d + 1165 - 248 = 0. List the prime factors of d.
131
Suppose 5*i + 3*r - 8*r = 130, 130 = 5*i - 4*r. Suppose 0 = 4*q - 26 - i. What are the prime factors of q?
13
Suppose -5*r + 10*r + 3*n = 48, 0 = 3*r - 4*n - 52. What are the prime factors of (-2)/(-8) - (-213)/r?
2, 3
Let r be (1/2)/((-2)/8). Let q = r + -3. Let i = q - -8. What are the prime factors of i?
3
Suppose 3*a + 17 + 4 = 0. Let h = a - -18. List the prime factors of h.
11
Let z(k) = k. Let h be z(4). Suppose 7*d - h*d = 3. What are the prime factors of 7 + -1 + 1 + d?
2
Suppose -4*m + l = -228, 5*m - 8*l - 270 = -3*l. What are the prime factors of m?
2, 29
Suppose -1 + 11 = 5*w. Suppose 4*k = 4 - 12. List the prime factors of (w/k)/(2/(-14)).
7
Suppose -54*r + 55*r - 89 = 0. What are the prime factors of r?
89
Let c = 168 + -91. List the prime factors of c.
7, 11
Suppose -770 = 5*l - 255. What are the prime factors of l/(-4) - (-1)/4?
2, 13
Let o(i) = i - 1. List the prime factors of o(6).
5
Let q = 10 + -10. Suppose q = 8*c - 4*c - 84. What are the prime factors of c?
3, 7
Let c(j) = -3*j**3 + 2*j**2 + 2. List the prime factors of c(-2).
2, 17
Suppose 8 = -2*t - 3*p, 1 = -2*t - 2*p - 3. Suppose -32 = 3*n - t*x + 6*x, -3*x + 5 = -5*n. What are the prime factors of 4*((-5)/n - -2)?
13
Let a(u) = u + 13. Let k be 1 + 0 - (1 + 11). Let d = 4 + k. List the prime factors of a(d).
2, 3
Suppose 2*m - 82 = -5*q, 6*q + 82 = 2*m + 5*q. List the prime factors of m.
41
Let j(w) = -w + 9*w + 1 - 2*w. Let m be j(1). Let l(h) = h**3 - 7*h**2 + 8. List the prime factors of l(m).
2
List the prime factors of 24*2 + 3 + -2.
7
Let s(m) = 12*m**3 + m - 1. Suppose 3*w = 2*w - 3*g - 2, 2*w + 4*g + 2 = 0. What are the prime factors of s(w)?
2, 3
Suppose 4*w - 171 - 461 = 0. List the prime factors of w.
2, 79
Suppose -4*n = -2*h - 26, 0 = -h + 2 - 1. Suppose 0 = -2*v + n*v - 5, -g = 4*v - 26. What are the prime factors of g?
2, 11
Let q(z) = -6 + 4*z + 4*z + 0*z + z**3 - 7*z**2. Let o be q(6). Suppose -r - 2*h + 0 = -o, 4*h + 8 = 0. List the prime factors of r.
2, 5
Suppose -2*o + 16 = -2. Suppose -5*g = -1 - o. List the prime factors of g.
2
Let u(o) = -o**2 + 19*o - 7. What are the prime factors of u(8)?
3
What are the prime factors of -1 - -3 - (2 - 126)?
2, 3, 7
Let p be (-1)/(-1)*(3 + -20). Let w = -9 - p. Let y = w - 2. What are the prime factors of y?
2, 3
Suppose 3*t = 5*t + 2. Let j be (8/16)/(t/2). What are the prime factors of -2 + j/(1/(-16))?
2, 7
Let u(d) = -4*d + 10. Let t(c) = 3*c - 10. Suppose -4 = a - 2. Let l(n) = a*u(n) - 3*t(n). List the prime factors of l(7).
3
Let w(l) = -2*l + 2. Let y be w(-6). Let p = 27 - y. List the prime factors of p.
13
Let f = 3 - 3. Suppose -q + f*q = -2. What are the prime factors of q?
2
Let k be -2 - 5/((-15)/6). Let p = 1 + k. What are the prime factors of p/((-3)/(-10))*3?
2, 5
List the prime factors of 816/(-20)*((-10)/2 - 0).
2, 3, 17
Let u(k) = k**2 - 2*k - 4. Let h be u(3). What are the prime factors of (-21)/5*(-6 - h)?
3, 7
Let g(u) = u + 16. Suppose k = -0*k. What are the prime factors of g(k)?
2
Let c = -1 - 1. Let v be 56/(-4)*(-1)/c. What are the prime factors of v/(-42) - 17/(-6)?
3
Suppose 2*h + 13 = 3. Let m = 24 - 21. List the prime factors of -1*(h + -3 + m).
5
Let l(n) = -6*n**3 + n. Let f be l(-1). Suppose 2*u - 5*u + 6 = 3*q, 0 = f*q - u + 2. Suppose -20 = 4*k, q*k + 5*k = -b - 21. What are the prime factors of b?
2
Let d(k) = -3 + 3 - 1 - 4*k. Let g be d(-2). Let q = g + 3. List the prime factors of q.
2, 5
Let b(h) = -h**2 + 13*h - 4. What are the prime factors of b(6)?
2, 19
Let k(l) = -10*l**2 - 3*l + 2. Let x be k(1). Suppose -c - 56 = 4*v, -3*v + 14 = -4*v - c. Let q = x - v. What are the prime factors of q?
3
Suppose 2*b - 5*m - 25 = 0, -2*b + m = -m - 10. Suppose -5*n - 2*a + 103 = b, a + a = 8. What are the prime factors of (n/(-3))/((-1)/3)?
19
Let k(n) = n**3 + 5*n**2 + 2*n - 5. Suppose 16 = -4*l - 0. Let r be k(l). Let b = -1 + r. What are the prime factors of b?
2
Let o(i) = -i**2 - i + 35. What are the prime factors of o(0)?
5, 7
Let u(w) = 2*w**2 - 2*w + 4. List the prime factors of u(3).
2
Let y be (9 + -7)*3/2. Suppose -3*m = -5*m + 4*j + 4, -2*m + y*j = -2. What are the prime factors of 2/(-2) - (-11 - m)?
2
Let s = -25 - -59. Suppose 2*u = 2*j + 12, -3*u + 3*j = 2*u - s. Suppose u*w - 40 = 3*w. List the prime factors of w.
2
Suppose 0 = -5*c + 25, -4*c = 4*m - 2*m - 28. Suppose 0 = -2*q + 2*g + 10, q - m*q - 9 = 5*g. What are the prime factors of q?
2
Let d = -28 - -17. Let f = -5 - d. List the prime factors of f.
2, 3
What are the prime factors of (-423)/(-33) + (-2)/(-11)?
13
Let f be 64/6 + (-6)/9. Suppose 5*n + j - 8 = 46, -n + 5*j - f = 0. What are the prime factors of n?
2, 5
Let j be ((-3)/(-6))/(-1)*-4. Suppose -8 = i - 3*i, 0 = 5*y + j*i - 53. What are the prime factors of y?
3
Let b = 5 + -3. What are the prime factors of b/(-4) + 69/6?
11
Suppose 0 = p - 4*p + 24. Suppose 0 = -2*s + 4*f + 16, 2*s - 4 - 2 = -f. Let v = p - s. List the prime factors of v.
2
Suppose 4*p - 2*p - 4 = 0. What are the prime factors of (0 - p)*30/(-4)?
3, 5
Let m be (180/105)/(4/14). Suppose d - 2 = -6. Let a = m + d. What are the prime factors of a?
2
Suppose r - 1 = 4. Suppose -5*b = 4*l - 49, r*l + 22 + 63 = 5*b. What are the prime factors of b?
13
Let o(p) = -4*p - 20. List the prime factors of o(-15).
2, 5
Let y be 25/3 - 10/(-15). Suppose 0 = 2*r - 3*r + y. List the prime factors of r.
3
Let s(r) be the second derivative of r**5/20 - r**4/2 + r**3/6 + 7*r**2/2 + r. Let h be 6 + 2 + -5 - -1*3. List the prime factors of s(h).
13
Let i = -72 - -124. List the prime factors of i.
2, 13
Suppose -3*f - 4 = -5*n, 2*f - 7 + 3 = 0. List the prime factors of n + 3*(-34)/(-6).
19
Suppose -20 = 5*w, -2*w - 2 + 0 = 2*j. Suppose -33 = -3*s + j*h - 0*h, 3*s + 5*h = -7. Let z(u) = 2*u - 1. What are the prime factors of z(s)?
11
Suppose -q + 3 = x, -4*x - 2 = -5*q + 4. Suppose 7*z + 3*k - 14 = q*z, 3*z + 5*k = 2. What are the prime factors of z?
2
What are the prime factors of (-2 + 46 - (7 - 6))*2?
2, 43
Suppose 2*b + 3*b - 5*t - 5 = 0, 22 = 4*b + 5*t. List the prime factors of 12/b*(1 + 3).
2
Let d be (-2)/(-4) - (-1)/(-2). Suppose d*h - 5*h - 45 = 0. Let m = h + 26. List the prime factors of m.
17
Suppose 3*b + 5*p = 49, 12 = 3*b + 4*p - 32. What are the prime factors of b?
2
Suppose -3*p = -3*g - 5 - 34, -4*g = 4*p + 28. Let l = g + 22. List the prime factors of l.
2, 3
Suppose 4*m + 3*h = -2*h + 42, -4*m = 4*h - 40. List the prime factors of m.
2
Suppose -2*t - q - 3*q = -164, -4*t = -4*q - 316. Suppose g - t = -3*g. What are the prime factors of g?
2, 5
Let o be (-10)/(-4) - (-2)/4. Suppose 3*s - 4*m = 1, s + o*m = 5*s - 6. List the prime factors of s.
3
Suppose 0*v = v + 5, -3*n = -2*v - 52. Let q(z) = z**2